- -20a10?
20a14
In base 9, what is -3 + -25743?
-25746
In base 8, what is -13340 - -701?
-12437
In base 8, what is -330 - 2476?
-3026
In base 16, what is 0 - 75d8?
-75d8
In base 12, what is -1 + 7a82b?
7a82a
In base 7, what is 4214 + 44?
4261
In base 13, what is 23414 - 2?
23412
In base 9, what is 815 - -151?
1066
In base 12, what is 215bb + 4?
21603
In base 3, what is 1011211222 + -10?
1011211212
In base 12, what is 40 + 183?
203
In base 15, what is 0 + -8aa4?
-8aa4
In base 2, what is -10001100100111001 - -100?
-10001100100110101
In base 14, what is 94dd + -2?
94db
In base 9, what is -142 - 1068?
-1221
In base 8, what is -4707 - 72?
-5001
In base 14, what is -65 + -56?
-bb
In base 8, what is 146 - -17170?
17336
In base 12, what is b8 - 80?
38
In base 13, what is -343 - 15?
-358
In base 5, what is -10143 + 11223?
1030
In base 14, what is 8c08 - -62?
8c6a
In base 3, what is 1 - 120120021220?
-120120021212
In base 7, what is -22056545 + -1?
-22056546
In base 6, what is -10114 + 23424?
13310
In base 4, what is -111 - 322023110?
-322023221
In base 9, what is -20020 + -178?
-20208
In base 8, what is 2467 + 41?
2530
In base 6, what is -2 - -104333415?
104333413
In base 11, what is 5 + 1429?
1433
In base 10, what is -21915 + -12?
-21927
In base 10, what is 4630581 - -3?
4630584
In base 11, what is 439 + -1a5?
244
In base 9, what is 5 + 567164?
567170
In base 2, what is 10100 + 101110010011010?
101110010101110
In base 3, what is -20100001 - 1022?
-20101100
In base 15, what is -169464 + 0?
-169464
In base 3, what is -1200011100122 + -1?
-1200011100200
In base 6, what is 3 + 12334152?
12334155
In base 16, what is 13c1 - -13?
13d4
In base 15, what is 2574 + -48?
252b
In base 6, what is 3 - 503153?
-503150
In base 15, what is -d - 8586?
-8594
In base 2, what is 110011101 + -10100001?
11111100
In base 15, what is -24d3 - -9?
-24c9
In base 8, what is -3334641 - -4?
-3334635
In base 4, what is 112111223 - 10?
112111213
In base 5, what is 42042430 - -4?
42042434
In base 16, what is -3 - 4ef60?
-4ef63
In base 16, what is -a09 - -16?
-9f3
In base 14, what is -93d0 + 7?
-93c7
In base 8, what is 253346 - 3?
253343
In base 12, what is 578 - -110?
688
In base 9, what is -102 + -7703?
-7805
In base 16, what is -2d - -93c?
90f
In base 7, what is 250 - 64451?
-64201
In base 10, what is 54674 - -35?
54709
In base 15, what is -1e1 + -216?
-407
In base 7, what is -56636 + -2?
-56641
In base 13, what is -1125 + 10b?
-1017
In base 5, what is -104322 - 2?
-104324
In base 6, what is -2 + 14350?
14344
In base 4, what is 13020 - -202?
13222
In base 10, what is 2 + 387390?
387392
In base 12, what is -44651 + -3?
-44654
In base 6, what is -3 - 3410554?
-3411001
In base 9, what is -1107 - 38?
-1146
In base 16, what is 97d + 1ed?
b6a
In base 14, what is 13b412 + -4?
13b40c
In base 3, what is -21200122202 + -10?
-21200122212
In base 16, what is 647e6 - 3?
647e3
In base 13, what is 2c38 + 4?
2c3c
In base 2, what is 100110100001 + 1001011?
100111101100
In base 12, what is a487 + 9?
a494
In base 4, what is 10000223 + -10?
10000213
In base 7, what is 202 + -5366?
-5164
In base 10, what is 1 + 19141?
19142
In base 6, what is -5 + 32312405?
32312400
In base 7, what is 3214 + 2643?
6160
In base 14, what is 1480 - 7?
1477
In base 5, what is -30 + 101200?
101120
In base 16, what is 41a + d?
427
In base 9, what is -375 + 4?
-371
In base 4, what is 1 - 1220201?
-1220200
In base 10, what is -1 + -37188?
-37189
In base 11, what is -200 + -1?
-201
In base 6, what is 134 + -33135?
-33001
In base 5, what is -4303342 - 2?
-4303344
In base 3, what is 0 + -1002112122201?
-1002112122201
In base 9, what is -75 + -41216?
-41302
In base 11, what is 46a + -257?
213
In base 13, what is -2a8 - -1b3?
-c5
In base 11, what is 4131 - 47?
4095
In base 2, what is 1011111 - 10101110110010?
-10101101010011
In base 15, what is 2 - 22a44?
-22a42
In base 11, what is 6763 + -8?
6756
In base 14, what is b4 + d1?
1a5
In base 13, what is -2 + 3783?
3781
In base 3, what is -100210121 - 1121?
-100212012
In base 15, what is -14 + 34?
20
In base 2, what is -101101 - -101000111011?
101000001110
In base 16, what is 353 + -25?
32e
In base 9, what is 1504 + 431?
2035
In base 15, what is 3324 + b?
3330
In base 13, what is -173c - 4?
-1743
In base 16, what is -609a + 2?
-6098
In base 11, what is -3 - -8644?
8641
In base 5, what is -4243 - 1211?
-11004
In base 5, what is 4444 + 10224?
20223
In base 6, what is 1112 + -200?
512
In base 6, what is -13 + 1015532?
1015515
In base 9, what is 170388 - 3?
170385
In base 2, what is 1101 - 101101010?
-101011101
In base 10, what is -6845781 - -2?
-6845779
In base 5, what is 20112 + -12?
20100
In base 12, what is -15 - 2030?
-2045
In base 4, what is 1332 + -3211?
-1213
In base 9, what is -18755021 - 5?
-18755026
In base 9, what is 107 - -120?
227
In base 8, what is -61 - 414535?
-414616
In base 15, what is 162 + 85?
1e7
In base 9, what is 1616 + 7?
1624
In base 4, what is 2323 + -1032?
1231
In base 16, what is -3a185 - 1?
-3a186
In base 3, what is -2001 + -1002?
-10010
In base 8, what is -3 + -25?
-30
In base 5, what is -1414 + -2013?
-3432
In base 5, what is 10232 + 4041?
14323
In base 14, what is 57 - d10?
-c97
In base 10, what is -17 + -3427?
-3444
In base 6, what is 1022 - 22241?
-21215
In base 9, what is 376 - 5713?
-5326
In base 13, what is -5 - -247a?
2475
In base 4, what is -11 + -33221322?
-33221333
In base 10, what is 3 - -13220?
13223
In base 13, what is 27 + 693c?
6966
In base 16, what is 2ed6 - -a?
2ee0
In base 7, what is -2 - 24016?
-24021
In base 4, what is -10321 + -3022?
-20003
In base 2, what is 1101110110 - 11101000?
1010001110
In base 16, what is 83c - -20?
85c
In base 11, what is 5 + 726a1?
726a6
In base 10, what is -8416 + -14?
-8430
In base 2, what is -11 - -1000000011100100100?
1000000011100100001
In base 12, what is -45a4 - -39?
-4567
In base 15, what is -e6 - 290?
-386
In base 12, what is -32 + -a74?
-aa6
In base 12, what is -5 - 2245?
-224a
In base 16, what is b + 2fae?
2fb9
In base 2, what is 11010100 - -111100?
100010000
In base 12, what is 42 - -1443?
1485
In base 9, what is 1 + -107567?
-107566
In base 6, what is -3110425 - 11?
-3110440
In base 14, what is -4b0ac5 - 1?
-4b0ac6
In base 9, what is -1 - -37532?
37531
In base 11, what is -300 - 344?
-644
In base 3, what is 12 + -2221202011212?
-2221202011200
In base 10, what is 4 - -65221?
65225
In base 5, what is 131443043 + 0?
131443043
In base 5, what is 243 - 331203?
-330410
In base 16, what is 2a - -6dc4?
6dee
In base 2, what is 101001011011 - 110?
101001010101
In base 11, what is -662 + 43?
-61a
In base 5, what is -203422 + 244?
-203123
In base 15, what is -183 - -487?
304
In base 7, what is -560 - 20061?
-20651
In base 11, what is -32 - -69a3?
6971
In base 2, what is -1010110110010 - -1000110?
-1010101101100
In base 7, what is -544 - 5?
-552
In base 13, what is -72 - -12b?
89
In base 3, what is 101120102110 - -2?
101120102112
In base 8, what is -3672 + 1321?
-2351
In base 7, what is 23223 - 203?
23020
In base 5, what is 101 + -10330?
-10224
In base 12, what is 5 + 66603?
66608
In base 6, what is 50502144 - -4?
50502152
In base 6, what is 200 - 13012?
-12412
In base 2, what is 100 - -11000001000010?
11000001000110
In base 2, what is 10100110000100001 + 0?
10100110000100001
In base 11, what is -13a63 - 16?
-13a79
In base 8, what is -301 - -3421?
3120
In base 11, what is 3 - -764a6?
764a9
In base 9, what is 525024 - -4?
525028
In base 8, what is 2 - 26405?
-26403
In base 5, what is 24 + 12400?
12424
In base 9, what is 1 - 166342?
-166341
In base 2, what is 0 - 1000011000001001100?
-1000011000001001100
In base 2, what is 110 - -10000110010?
10000111000
In base 10, what is 0 - 484850?
-484850
In base 2, what is 100111 - 1011010000?
-1010101001
In base 15, what is 9a + -626?
-57b
In base 13, what is -24bb - -4?
-24b7
In base 2, what is -101 - -100011011011010010?
100011011011001101
In base 16, what is -18e - 7e?
-20c
In base 3, what is -1000202100101 - 12?
-1000202100120
In base 13, what is 4 + 38351?
38355
In base 14, what is -6 - -440?
438
In base 15, what is -3b8a - 26?
-3bb1
In base 8, what is 2 - -2003443?
2003445
In base 5, what is -4 + -102311404?
-102311413
In base 5, what is -4201412 - -1?
-4201411
In b